{"id":363,"date":"2021-01-26T23:09:44","date_gmt":"2021-01-27T02:09:44","guid":{"rendered":"http:\/\/www.minadordonegrao.al.gov.br\/site\/?page_id=363"},"modified":"2022-07-20T01:48:28","modified_gmt":"2022-07-20T04:48:28","slug":"secretaria-municipal-de-infraestrutura","status":"publish","type":"page","link":"https:\/\/www.minadordonegrao.al.gov.br\/site\/secretaria-municipal-de-infraestrutura\/","title":{"rendered":"Secretaria Municipal de Infraestrutura"},"content":{"rendered":"\n<p style=\"font-size:30px\"><strong>Secretaria Municipal de Infraestrutura<\/strong><\/p>\n\n\n\n<p><strong>COMPET\u00caNCIA:<\/strong><\/p>\n\n\n\n<ul class=\"wp-block-list\"><li>A organiza\u00e7\u00e3o e a atualiza\u00e7\u00e3o do Cadastro T\u00e9cnico do Munic\u00edpio, e do patrim\u00f4nio imobili\u00e1rio municipal;<\/li><li>O exame e a aprova\u00e7\u00e3o dos pedidos de licenciamento para constru\u00e7\u00e3o e loteamento urbano, conforme as normas municipais em vigor;<\/li><li>A fiscaliza\u00e7\u00e3o, visando ao cumprimento das normas referentes a edifica\u00e7\u00f5es, uso do solo, zoneamento, loteamentos, preven\u00e7\u00e3o de inc\u00eandios, nos termos em que lhe foi deferido, de constru\u00e7\u00e3o particularidades, inclusive as de \u00f3rg\u00e3os p\u00fablicos estaduais e federais.<\/li><li>O licenciamento para localiza\u00e7\u00e3o e funcionamento de atividades industriais, comerciais e de servi\u00e7os, de acordo com as normas municipais que regulam o uso do solo;<\/li><li>Elaborar projetos arquitet\u00f4nicos e complementares, de obras p\u00fablicas, e fiscalizar a sua execu\u00e7\u00e3o.<br><\/li><\/ul>\n\n\n\n<p><strong>Secret\u00e1rio: JO\u00c3O BOSCO CARDOSO FERRO<\/strong><br><\/p>\n\n\n\n<p><strong>Atendimento:<\/strong><br>das 8h \u00e0s 16h<\/p>\n\n\n\n<p><strong>Endere\u00e7o:<\/strong> <br>Avenida Belarmino Vieira, n\u00ba 32<br>Centro &#8211; 57.615-000<br>Telefone:  (82) 3427-1165<br><br><strong>E-mail:<\/strong><br>secinfraestrutura@minadordonegrao.al.gov.br<\/p>\n","protected":false},"excerpt":{"rendered":"<p>Secretaria Municipal de Infraestrutura COMPET\u00caNCIA: A organiza\u00e7\u00e3o e a atualiza\u00e7\u00e3o do Cadastro T\u00e9cnico do Munic\u00edpio, e do patrim\u00f4nio imobili\u00e1rio municipal; O exame e a aprova\u00e7\u00e3o dos pedidos de licenciamento para constru\u00e7\u00e3o e loteamento urbano, conforme as normas municipais em vigor; A fiscaliza\u00e7\u00e3o, visando ao cumprimento das normas referentes a edifica\u00e7\u00f5es, uso do solo, zoneamento, loteamentos, [&hellip;]<\/p>\n","protected":false},"author":1,"featured_media":0,"parent":0,"menu_order":0,"comment_status":"closed","ping_status":"closed","template":"","meta":{"ocean_post_layout":"","ocean_both_sidebars_style":"","ocean_both_sidebars_content_width":0,"ocean_both_sidebars_sidebars_width":0,"ocean_sidebar":"0","ocean_second_sidebar":"0","ocean_disable_margins":"enable","ocean_add_body_class":"","ocean_shortcode_before_top_bar":"","ocean_shortcode_after_top_bar":"","ocean_shortcode_before_header":"","ocean_shortcode_after_header":"","ocean_has_shortcode":"","ocean_shortcode_after_title":"","ocean_shortcode_before_footer_widgets":"","ocean_shortcode_after_footer_widgets":"","ocean_shortcode_before_footer_bottom":"","ocean_shortcode_after_footer_bottom":"","ocean_display_top_bar":"default","ocean_display_header":"default","ocean_header_style":"","ocean_center_header_left_menu":"0","ocean_custom_header_template":"0","ocean_custom_logo":0,"ocean_custom_retina_logo":0,"ocean_custom_logo_max_width":0,"ocean_custom_logo_tablet_max_width":0,"ocean_custom_logo_mobile_max_width":0,"ocean_custom_logo_max_height":0,"ocean_custom_logo_tablet_max_height":0,"ocean_custom_logo_mobile_max_height":0,"ocean_header_custom_menu":"0","ocean_menu_typo_font_family":"0","ocean_menu_typo_font_subset":"","ocean_menu_typo_font_size":0,"ocean_menu_typo_font_size_tablet":0,"ocean_menu_typo_font_size_mobile":0,"ocean_menu_typo_font_size_unit":"px","ocean_menu_typo_font_weight":"","ocean_menu_typo_font_weight_tablet":"","ocean_menu_typo_font_weight_mobile":"","ocean_menu_typo_transform":"","ocean_menu_typo_transform_tablet":"","ocean_menu_typo_transform_mobile":"","ocean_menu_typo_line_height":0,"ocean_menu_typo_line_height_tablet":0,"ocean_menu_typo_line_height_mobile":0,"ocean_menu_typo_line_height_unit":"","ocean_menu_typo_spacing":0,"ocean_menu_typo_spacing_tablet":0,"ocean_menu_typo_spacing_mobile":0,"ocean_menu_typo_spacing_unit":"","ocean_menu_link_color":"","ocean_menu_link_color_hover":"","ocean_menu_link_color_active":"","ocean_menu_link_background":"","ocean_menu_link_hover_background":"","ocean_menu_link_active_background":"","ocean_menu_social_links_bg":"","ocean_menu_social_hover_links_bg":"","ocean_menu_social_links_color":"","ocean_menu_social_hover_links_color":"","ocean_disable_title":"default","ocean_disable_heading":"default","ocean_post_title":"","ocean_post_subheading":"","ocean_post_title_style":"","ocean_post_title_background_color":"","ocean_post_title_background":0,"ocean_post_title_bg_image_position":"","ocean_post_title_bg_image_attachment":"","ocean_post_title_bg_image_repeat":"","ocean_post_title_bg_image_size":"","ocean_post_title_height":0,"ocean_post_title_bg_overlay":0.5,"ocean_post_title_bg_overlay_color":"","ocean_disable_breadcrumbs":"default","ocean_breadcrumbs_color":"","ocean_breadcrumbs_separator_color":"","ocean_breadcrumbs_links_color":"","ocean_breadcrumbs_links_hover_color":"","ocean_display_footer_widgets":"default","ocean_display_footer_bottom":"default","ocean_custom_footer_template":"0","footnotes":""},"class_list":["post-363","page","type-page","status-publish","hentry","entry"],"_links":{"self":[{"href":"https:\/\/www.minadordonegrao.al.gov.br\/site\/wp-json\/wp\/v2\/pages\/363","targetHints":{"allow":["GET"]}}],"collection":[{"href":"https:\/\/www.minadordonegrao.al.gov.br\/site\/wp-json\/wp\/v2\/pages"}],"about":[{"href":"https:\/\/www.minadordonegrao.al.gov.br\/site\/wp-json\/wp\/v2\/types\/page"}],"author":[{"embeddable":true,"href":"https:\/\/www.minadordonegrao.al.gov.br\/site\/wp-json\/wp\/v2\/users\/1"}],"replies":[{"embeddable":true,"href":"https:\/\/www.minadordonegrao.al.gov.br\/site\/wp-json\/wp\/v2\/comments?post=363"}],"version-history":[{"count":5,"href":"https:\/\/www.minadordonegrao.al.gov.br\/site\/wp-json\/wp\/v2\/pages\/363\/revisions"}],"predecessor-version":[{"id":2510,"href":"https:\/\/www.minadordonegrao.al.gov.br\/site\/wp-json\/wp\/v2\/pages\/363\/revisions\/2510"}],"wp:attachment":[{"href":"https:\/\/www.minadordonegrao.al.gov.br\/site\/wp-json\/wp\/v2\/media?parent=363"}],"curies":[{"name":"wp","href":"https:\/\/api.w.org\/{rel}","templated":true}]}}